{"id":1534,"date":"2023-07-28T16:32:10","date_gmt":"2023-07-28T16:32:10","guid":{"rendered":"https:\/\/appy.place\/alfabeta\/?page_id=1534"},"modified":"2023-08-10T17:35:52","modified_gmt":"2023-08-10T17:35:52","slug":"creche","status":"publish","type":"page","link":"https:\/\/appy.place\/alfabeta\/creche\/","title":{"rendered":"Creche"},"content":{"rendered":"<p>[vc_row full_width=&#8221;stretch_row&#8221; css=&#8221;.vc_custom_1691057358990{background-color: #bdcbe3 !important;}&#8221;][vc_column icons_position=&#8221;left&#8221;][vc_empty_space alter_height=&#8221;large&#8221; hide_on_mobile=&#8221;&#8221;][vc_column_text]<\/p>\n<h3 style=\"text-align: center;\"><span style=\"color: #1443a1;\"><strong><em>\u201cEducar \u00e9 semear com sabedoria e colher com paci\u00eancia&#8221;<\/em><\/strong><em>(Augusto Cury)<\/em><\/span><\/h3>\n<p>[\/vc_column_text][vc_empty_space alter_height=&#8221;large&#8221; hide_on_mobile=&#8221;&#8221;][\/vc_column][\/vc_row][vc_row full_width=&#8221;stretch_row&#8221;][vc_column icons_position=&#8221;left&#8221;][vc_empty_space alter_height=&#8221;large&#8221; hide_on_mobile=&#8221;&#8221;][vc_column_text]<\/p>\n<h2><span class=\"trx_addons_accent\"><strong>Creche<\/strong><\/span><\/h2>\n<p><span style=\"color: #000000;\">Os primeiros 3 anos de vida s\u00e3o fundamentais para o desenvolvimento f\u00edsico, intelectual e emocional da crian\u00e7a.<\/span><\/p>\n<p><span style=\"color: #000000;\">Nesta fase, a crian\u00e7a tem a necessidade de estar num ambiente confort\u00e1vel e acolhedor. No nosso Col\u00e9gio encontra um ambiente favor\u00e1vel, que oferece seguran\u00e7a, essencial numa primeira fase da vida de todas as crian\u00e7as.<\/span>[\/vc_column_text][vc_empty_space alter_height=&#8221;medium&#8221; hide_on_mobile=&#8221;&#8221;][\/vc_column][\/vc_row][vc_row full_width=&#8221;stretch_row&#8221;][vc_column width=&#8221;1\/3&#8243;][vc_empty_space alter_height=&#8221;small&#8221; hide_on_mobile=&#8221;&#8221;][vc_single_image image=&#8221;1609&#8243; img_size=&#8221;large&#8221; alignment=&#8221;center&#8221;][vc_empty_space alter_height=&#8221;small&#8221; hide_on_mobile=&#8221;&#8221;][\/vc_column][vc_column width=&#8221;1\/3&#8243;][vc_empty_space alter_height=&#8221;small&#8221; hide_on_mobile=&#8221;&#8221;][vc_single_image image=&#8221;1612&#8243; img_size=&#8221;large&#8221; alignment=&#8221;center&#8221;][vc_empty_space alter_height=&#8221;small&#8221; hide_on_mobile=&#8221;&#8221;][\/vc_column][vc_column width=&#8221;1\/3&#8243;][vc_empty_space alter_height=&#8221;small&#8221; hide_on_mobile=&#8221;&#8221;][vc_single_image image=&#8221;1611&#8243; img_size=&#8221;large&#8221; alignment=&#8221;center&#8221;][vc_empty_space alter_height=&#8221;small&#8221; hide_on_mobile=&#8221;&#8221;][\/vc_column][\/vc_row][vc_row full_width=&#8221;stretch_row&#8221;][vc_column icons_position=&#8221;left&#8221;][vc_empty_space alter_height=&#8221;small&#8221; hide_on_mobile=&#8221;&#8221;][vc_column_text]<span style=\"color: #000000;\">Atividades como gatinhar, come\u00e7ar a andar, comer, interagir e, at\u00e9 mesmo, dormir, contribuem para a forma\u00e7\u00e3o da pr\u00f3pria crian\u00e7a, da sua rotina e do seu contexto de vida.<\/span><\/p>\n<p><span style=\"color: #000000;\">Com a entrada na Creche, a crian\u00e7a come\u00e7a a desenvolver a sua capacidade de comunica\u00e7\u00e3o e, tamb\u00e9m, algumas compet\u00eancias emocionais.<\/span><\/p>\n<p><span style=\"color: #000000;\">A possibilidade de conviver e brincar com outras crian\u00e7as da mesma idade e com pessoas diferentes, a defini\u00e7\u00e3o de uma rotina e a participa\u00e7\u00e3o em diferentes atividades, oferecem \u00e0 crian\u00e7a experi\u00eancias ENRIQUECEDORAS.<\/span>[\/vc_column_text][vc_empty_space alter_height=&#8221;medium&#8221; hide_on_mobile=&#8221;&#8221;][\/vc_column][\/vc_row][vc_row full_width=&#8221;stretch_row&#8221; disable_element=&#8221;yes&#8221; css=&#8221;.vc_custom_1691057776613{background-color: #efefef !important;}&#8221;][vc_column icons_position=&#8221;left&#8221;][vc_empty_space alter_height=&#8221;small&#8221; hide_on_mobile=&#8221;&#8221;][vc_column_text]<\/p>\n<h2 style=\"text-align: center;\"><strong><span style=\"color: #1443a1;\">Atividades<\/span><\/strong><\/h2>\n<p>[\/vc_column_text][vc_empty_space alter_height=&#8221;small&#8221; hide_on_mobile=&#8221;&#8221;][\/vc_column][\/vc_row][vc_row full_width=&#8221;stretch_row&#8221; disable_element=&#8221;yes&#8221; css=&#8221;.vc_custom_1691057710576{background-color: #efefef !important;}&#8221;][vc_column width=&#8221;1\/2&#8243; icons_position=&#8221;left&#8221;][vc_empty_space alter_height=&#8221;small&#8221; hide_on_mobile=&#8221;&#8221;][vc_column_text]<\/p>\n<h4 style=\"text-align: center;\"><strong><span style=\"color: #1443a1;\">Atividades curriculares<\/span><\/strong><\/h4>\n<p>[\/vc_column_text][vc_column_text]<\/p>\n<p style=\"text-align: center;\"><span style=\"color: #000000;\">lorem ipsum<br \/>\n<\/span><span style=\"color: #000000;\">lorem ipsum<br \/>\n<\/span><span style=\"color: #000000;\">lorem ipsum<\/span><\/p>\n<p>[\/vc_column_text][vc_empty_space alter_height=&#8221;small&#8221; hide_on_mobile=&#8221;&#8221;][\/vc_column][vc_column width=&#8221;1\/2&#8243;][vc_empty_space alter_height=&#8221;small&#8221; hide_on_mobile=&#8221;&#8221;][vc_column_text]<\/p>\n<h4 style=\"text-align: center;\"><strong><span style=\"color: #1443a1;\">Atividades extracurriculares<\/span><\/strong><\/h4>\n<p>[\/vc_column_text][vc_column_text]<\/p>\n<p style=\"text-align: center;\"><span style=\"color: #000000;\">lorem ipsum<br \/>\n<\/span><span style=\"color: #000000;\">lorem ipsum<br \/>\n<\/span><span style=\"color: #000000;\">lorem ipsum<\/span><\/p>\n<p>[\/vc_column_text][vc_empty_space alter_height=&#8221;small&#8221; hide_on_mobile=&#8221;&#8221;][\/vc_column][\/vc_row][vc_row full_width=&#8221;stretch_row&#8221; el_class=&#8221;botoes&#8221;][vc_column width=&#8221;1\/3&#8243; icons_position=&#8221;left&#8221;][vc_empty_space alter_height=&#8221;small&#8221; hide_on_mobile=&#8221;&#8221;]<div class=\"cq-buttoncontainer  centrar-botao\"><div class=\"animatetype-1\"><div><a href=\"\/alfabeta\/projeto-educativo-geral\/\" title=\"Projeto Educativo Geral\" target=\"\" style=\"color:#ffffff;background-color:#a01010;\" class=\"btn cqbtn-1\"><span class=\"txt\">Projeto Educativo Geral<\/span><span class=\"round\"><i style=\"margin-top:-9px;margin-left:-9px;\" class=\"fa fa-arrow-right\"><\/i><\/span><\/a><\/div><\/div><\/div>[vc_empty_space alter_height=&#8221;small&#8221; hide_on_mobile=&#8221;&#8221;][\/vc_column][vc_column width=&#8221;1\/3&#8243;][vc_empty_space alter_height=&#8221;small&#8221; hide_on_mobile=&#8221;&#8221;]<div class=\"cq-buttoncontainer  centrar-botao\"><div class=\"animatetype-1\"><div><a href=\"\/alfabeta\/wp-content\/uploads\/2023\/08\/Projeto-Educativo-Anual-2023-2024.pdf\" title=\"Projeto Educativo Anual\" target=\"_blank\" style=\"color:#ffffff;background-color:#a01010;\" class=\"btn cqbtn-1\"><span class=\"txt\">Projeto Educativo Anual<\/span><span class=\"round\"><i style=\"margin-top:-9px;margin-left:-9px;\" class=\"fa fa-arrow-right\"><\/i><\/span><\/a><\/div><\/div><\/div>[vc_empty_space alter_height=&#8221;small&#8221; hide_on_mobile=&#8221;&#8221;][\/vc_column][vc_column width=&#8221;1\/3&#8243;][vc_empty_space alter_height=&#8221;small&#8221; hide_on_mobile=&#8221;&#8221;]<div class=\"cq-buttoncontainer  centrar-botao\"><div class=\"animatetype-1\"><div><a href=\"\/alfabeta\/wp-content\/uploads\/2023\/08\/Colegio-Alfa-Beta-Calendario-geral-de-atividades-2023-24.pdf\" title=\"Calend\u00e1rio Geral de Atividades\" target=\"_blank\" style=\"color:#ffffff;background-color:#a01010;\" class=\"btn cqbtn-1\"><span class=\"txt\">Calend\u00e1rio Geral de Atividades<\/span><span class=\"round\"><i style=\"margin-top:-9px;margin-left:-9px;\" class=\"fa fa-arrow-right\"><\/i><\/span><\/a><\/div><\/div><\/div>[vc_empty_space alter_height=&#8221;small&#8221; hide_on_mobile=&#8221;&#8221;][\/vc_column][\/vc_row][vc_row full_width=&#8221;stretch_row&#8221;][vc_column icons_position=&#8221;left&#8221;][vc_empty_space alter_height=&#8221;small&#8221; hide_on_mobile=&#8221;&#8221;][\/vc_column][\/vc_row][vc_row full_width=&#8221;stretch_row&#8221; css=&#8221;.vc_custom_1690481372369{background-color: #b94f4f !important;}&#8221;][vc_column icons_position=&#8221;left&#8221;][vc_empty_space alter_height=&#8221;large&#8221; hide_on_mobile=&#8221;&#8221;][vc_column_text]<\/p>\n<h2 style=\"text-align: center;\"><span style=\"color: #ffffff;\">Descubra mais do Alfa-Beta!<\/span><\/h2>\n<p>[\/vc_column_text][vc_empty_space alter_height=&#8221;medium&#8221; hide_on_mobile=&#8221;&#8221; css=&#8221;.vc_custom_1690481663908{margin-bottom: 0.75rem !important;}&#8221;][\/vc_column][\/vc_row][vc_row full_width=&#8221;stretch_row&#8221; css=&#8221;.vc_custom_1690481376113{background-color: #b94f4f !important;}&#8221;][vc_column width=&#8221;1\/3&#8243;][vc_single_image image=&#8221;1355&#8243; img_size=&#8221;large&#8221; alignment=&#8221;center&#8221;][vc_empty_space alter_height=&#8221;small&#8221; hide_on_mobile=&#8221;&#8221;][vc_column_text]<\/p>\n<h4 style=\"text-align: center;\"><a href=\"\/alfabeta\/creche\/\"><span style=\"color: #ffffff;\"><em>Creche<\/em><\/span><\/a><\/h4>\n<p>[\/vc_column_text][vc_empty_space alter_height=&#8221;small&#8221; hide_on_mobile=&#8221;&#8221;][\/vc_column][vc_column width=&#8221;1\/3&#8243;][vc_single_image image=&#8221;1163&#8243; img_size=&#8221;large&#8221; alignment=&#8221;center&#8221;][vc_empty_space alter_height=&#8221;small&#8221; hide_on_mobile=&#8221;&#8221;][vc_column_text]<\/p>\n<h4 style=\"text-align: center;\"><a href=\"\/alfabeta\/jardim-de-infancia\/\"><span style=\"color: #ffffff;\"><em>Jardim de Inf\u00e2ncia<\/em><\/span><\/a><\/h4>\n<p>[\/vc_column_text][vc_empty_space alter_height=&#8221;small&#8221; hide_on_mobile=&#8221;&#8221;][\/vc_column][vc_column width=&#8221;1\/3&#8243;][vc_single_image image=&#8221;1166&#8243; img_size=&#8221;large&#8221; alignment=&#8221;center&#8221;][vc_empty_space alter_height=&#8221;small&#8221; hide_on_mobile=&#8221;&#8221;][vc_column_text]<\/p>\n<h4 style=\"text-align: center;\"><a href=\"\/alfabeta\/1o-ciclo\/\"><span style=\"color: #ffffff;\"><em>1\u00ba Ciclo<\/em><\/span><\/a><\/h4>\n<p>[\/vc_column_text][vc_empty_space alter_height=&#8221;small&#8221; hide_on_mobile=&#8221;&#8221;][\/vc_column][\/vc_row][vc_row full_width=&#8221;stretch_row&#8221; css=&#8221;.vc_custom_1690481380013{background-color: #b94f4f !important;}&#8221;][vc_column icons_position=&#8221;left&#8221;][vc_empty_space alter_height=&#8221;large&#8221; hide_on_mobile=&#8221;&#8221;][\/vc_column][\/vc_row]<\/p>\n","protected":false},"excerpt":{"rendered":"<p>[vc_row full_width=&#8221;stretch_row&#8221; css=&#8221;.vc_custom_1691057358990{background-color: #bdcbe3 !important;}&#8221;][vc_column icons_position=&#8221;left&#8221;][vc_empty_space alter_height=&#8221;large&#8221; hide_on_mobile=&#8221;&#8221;][vc_column_text] \u201cEducar \u00e9 semear com sabedoria e colher com paci\u00eancia&#8221;(Augusto Cury) [\/vc_column_text][vc_empty_space alter_height=&#8221;large&#8221; hide_on_mobile=&#8221;&#8221;][\/vc_column][\/vc_row][vc_row full_width=&#8221;stretch_row&#8221;][vc_column icons_position=&#8221;left&#8221;][vc_empty_space alter_height=&#8221;large&#8221; hide_on_mobile=&#8221;&#8221;][vc_column_text] Creche Os primeiros 3 anos de vida s\u00e3o fundamentais para o desenvolvimento f\u00edsico, intelectual e emocional da crian\u00e7a. Nesta fase, a crian\u00e7a tem a necessidade de estar num ambiente confort\u00e1vel e acolhedor. No nosso Col\u00e9gio encontra um ambiente favor\u00e1vel, que oferece seguran\u00e7a, essencial numa primeira fase da vida de todas as crian\u00e7as.[\/vc_column_text][vc_empty_space alter_height=&#8221;medium&#8221; hide_on_mobile=&#8221;&#8221;][\/vc_column][\/vc_row][vc_row full_width=&#8221;stretch_row&#8221;][vc_column width=&#8221;1\/3&#8243;][vc_empty_space alter_height=&#8221;small&#8221; hide_on_mobile=&#8221;&#8221;][vc_single_image&hellip;<\/p>\n","protected":false},"author":1,"featured_media":1707,"parent":0,"menu_order":0,"comment_status":"closed","ping_status":"closed","template":"","meta":{"footnotes":""},"class_list":["post-1534","page","type-page","status-publish","has-post-thumbnail","hentry"],"_links":{"self":[{"href":"https:\/\/appy.place\/alfabeta\/wp-json\/wp\/v2\/pages\/1534","targetHints":{"allow":["GET"]}}],"collection":[{"href":"https:\/\/appy.place\/alfabeta\/wp-json\/wp\/v2\/pages"}],"about":[{"href":"https:\/\/appy.place\/alfabeta\/wp-json\/wp\/v2\/types\/page"}],"author":[{"embeddable":true,"href":"https:\/\/appy.place\/alfabeta\/wp-json\/wp\/v2\/users\/1"}],"replies":[{"embeddable":true,"href":"https:\/\/appy.place\/alfabeta\/wp-json\/wp\/v2\/comments?post=1534"}],"version-history":[{"count":40,"href":"https:\/\/appy.place\/alfabeta\/wp-json\/wp\/v2\/pages\/1534\/revisions"}],"predecessor-version":[{"id":1795,"href":"https:\/\/appy.place\/alfabeta\/wp-json\/wp\/v2\/pages\/1534\/revisions\/1795"}],"wp:featuredmedia":[{"embeddable":true,"href":"https:\/\/appy.place\/alfabeta\/wp-json\/wp\/v2\/media\/1707"}],"wp:attachment":[{"href":"https:\/\/appy.place\/alfabeta\/wp-json\/wp\/v2\/media?parent=1534"}],"curies":[{"name":"wp","href":"https:\/\/api.w.org\/{rel}","templated":true}]}}