{"id":1574,"date":"2023-08-02T13:20:46","date_gmt":"2023-08-02T13:20:46","guid":{"rendered":"https:\/\/appy.place\/alfabeta\/?page_id=1574"},"modified":"2023-08-10T17:37:46","modified_gmt":"2023-08-10T17:37:46","slug":"jardim-de-infancia","status":"publish","type":"page","link":"https:\/\/appy.place\/alfabeta\/jardim-de-infancia\/","title":{"rendered":"Jardim de Inf\u00e2ncia"},"content":{"rendered":"<p>[vc_row full_width=&#8221;stretch_row&#8221; css=&#8221;.vc_custom_1690982457688{background-color: #bdcbe3 !important;}&#8221;][vc_column icons_position=&#8221;left&#8221;][vc_empty_space alter_height=&#8221;large&#8221; hide_on_mobile=&#8221;&#8221;][vc_column_text]<\/p>\n<h3 style=\"text-align: center;\"><span style=\"color: #1443a1;\"><strong><em>\u201cA prova do sucesso da nossa a\u00e7\u00e3o educativa \u00e9 a felicidade da crian\u00e7a\u201d<br \/>\n<\/em><\/strong><em>(Maria Montessori)<\/em><\/span><\/h3>\n<p>[\/vc_column_text][vc_empty_space alter_height=&#8221;large&#8221; hide_on_mobile=&#8221;&#8221;][\/vc_column][\/vc_row][vc_row full_width=&#8221;stretch_row&#8221;][vc_column icons_position=&#8221;left&#8221;][vc_empty_space alter_height=&#8221;large&#8221; hide_on_mobile=&#8221;&#8221;][vc_column_text]<\/p>\n<h2><span class=\"trx_addons_accent\"><strong>Jardim de inf\u00e2ncia<\/strong><\/span><\/h2>\n<p><span style=\"color: #000000;\">A educa\u00e7\u00e3o pr\u00e9-escolar \u00e9 uma etapa crucial na constru\u00e7\u00e3o e desenvolvimento da crian\u00e7a.<\/span><\/p>\n<p><span style=\"color: #000000;\">\u00c9 muito importante desmistificar a ideia de que o Jardim de Inf\u00e2ncia serve apenas para brincar. No Jardim de Inf\u00e2ncia, as crian\u00e7as aprendem a brincar. A brincadeira acrescenta valor e \u00e9 crucial para o desenvolvimento infantil.<\/span><\/p>\n<p><span style=\"color: #000000;\">Existem brincadeiras que estimulam a socializa\u00e7\u00e3o, as compet\u00eancias intelectuais e, tamb\u00e9m, afetivas, da crian\u00e7a.<\/span><\/p>\n<p><span style=\"color: #000000;\">Quando brinca, a crian\u00e7a \u00e9 livre, pode sonhar e imaginar, desenvolvendo a sua criatividade e intelig\u00eancia.<\/span>[\/vc_column_text][vc_empty_space alter_height=&#8221;medium&#8221; hide_on_mobile=&#8221;&#8221;][\/vc_column][\/vc_row][vc_row full_width=&#8221;stretch_row&#8221;][vc_column width=&#8221;1\/3&#8243;][vc_empty_space alter_height=&#8221;small&#8221; hide_on_mobile=&#8221;&#8221;][vc_single_image image=&#8221;1358&#8243; img_size=&#8221;large&#8221; alignment=&#8221;center&#8221;][vc_empty_space alter_height=&#8221;small&#8221; hide_on_mobile=&#8221;&#8221;][\/vc_column][vc_column width=&#8221;1\/3&#8243;][vc_empty_space alter_height=&#8221;small&#8221; hide_on_mobile=&#8221;&#8221;][vc_single_image image=&#8221;1361&#8243; img_size=&#8221;large&#8221; alignment=&#8221;center&#8221;][vc_empty_space alter_height=&#8221;small&#8221; hide_on_mobile=&#8221;&#8221;][\/vc_column][vc_column width=&#8221;1\/3&#8243;][vc_empty_space alter_height=&#8221;small&#8221; hide_on_mobile=&#8221;&#8221;][vc_single_image image=&#8221;1163&#8243; img_size=&#8221;large&#8221; alignment=&#8221;center&#8221;][vc_empty_space alter_height=&#8221;small&#8221; hide_on_mobile=&#8221;&#8221;][\/vc_column][\/vc_row][vc_row full_width=&#8221;stretch_row&#8221;][vc_column icons_position=&#8221;left&#8221;][vc_empty_space alter_height=&#8221;small&#8221; hide_on_mobile=&#8221;&#8221;][vc_column_text]<span style=\"color: #000000;\">Brincar na escola \u00e9 diferente de brincar em casa. As brincadeiras desenvolvidas em contexto de Jardim de Inf\u00e2ncia t\u00eam sempre como objetivo o desenvolvimento pessoal e social das crian\u00e7as. Estas s\u00e3o estimuladas para se desenvolverem de forma integrada, isto \u00e9, para que todas as suas compet\u00eancias sejam trabalhadas em paralelo.<\/span><\/p>\n<p><span style=\"color: #000000;\">No Col\u00e9gio Alfa-Beta, estamos atentos a cada crian\u00e7a, ao seu n\u00edvel de desenvolvimento, conscientes de que todas t\u00eam de avan\u00e7ar ao seu pr\u00f3prio ritmo. Esta flexibilidade \u00e9 fundamental na evolu\u00e7\u00e3o saud\u00e1vel de cada uma delas!<\/span>[\/vc_column_text][vc_empty_space alter_height=&#8221;medium&#8221; hide_on_mobile=&#8221;&#8221;][\/vc_column][\/vc_row][vc_row full_width=&#8221;stretch_row&#8221; disable_element=&#8221;yes&#8221; css=&#8221;.vc_custom_1691083132261{background-color: #efefef !important;}&#8221;][vc_column icons_position=&#8221;left&#8221;][vc_empty_space alter_height=&#8221;small&#8221; hide_on_mobile=&#8221;&#8221;][vc_column_text]<\/p>\n<h2 style=\"text-align: center;\"><strong><span style=\"color: #1443a1;\">Atividades<\/span><\/strong><\/h2>\n<p>[\/vc_column_text][vc_empty_space alter_height=&#8221;small&#8221; hide_on_mobile=&#8221;&#8221;][\/vc_column][\/vc_row][vc_row full_width=&#8221;stretch_row&#8221; disable_element=&#8221;yes&#8221; css=&#8221;.vc_custom_1691079041994{background-color: #efefef !important;}&#8221;][vc_column width=&#8221;1\/2&#8243; icons_position=&#8221;left&#8221;][vc_empty_space alter_height=&#8221;small&#8221; hide_on_mobile=&#8221;&#8221;][vc_column_text]<\/p>\n<h4 style=\"text-align: center;\"><strong><span style=\"color: #1443a1;\">Atividades curriculares<\/span><\/strong><\/h4>\n<p>[\/vc_column_text][vc_column_text]<\/p>\n<p style=\"text-align: center;\"><span style=\"color: #000000;\">lorem ipsum<br \/>\n<\/span><span style=\"color: #000000;\">lorem ipsum<br \/>\n<\/span><span style=\"color: #000000;\">lorem ipsum<\/span><\/p>\n<p>[\/vc_column_text][vc_empty_space alter_height=&#8221;small&#8221; hide_on_mobile=&#8221;&#8221;][\/vc_column][vc_column width=&#8221;1\/2&#8243;][vc_empty_space alter_height=&#8221;small&#8221; hide_on_mobile=&#8221;&#8221;][vc_column_text]<\/p>\n<h4 style=\"text-align: center;\"><strong><span style=\"color: #1443a1;\">Atividades extracurriculares<\/span><\/strong><\/h4>\n<p>[\/vc_column_text][vc_column_text]<\/p>\n<p style=\"text-align: center;\"><span style=\"color: #000000;\">lorem ipsum<br \/>\n<\/span><span style=\"color: #000000;\">lorem ipsum<br \/>\n<\/span><span style=\"color: #000000;\">lorem ipsum<\/span><\/p>\n<p>[\/vc_column_text][vc_empty_space alter_height=&#8221;small&#8221; hide_on_mobile=&#8221;&#8221;][\/vc_column][\/vc_row][vc_row full_width=&#8221;stretch_row&#8221; el_class=&#8221;botoes&#8221;][vc_column width=&#8221;1\/3&#8243; icons_position=&#8221;left&#8221;][vc_empty_space alter_height=&#8221;small&#8221; hide_on_mobile=&#8221;&#8221;]<div class=\"cq-buttoncontainer  centrar-botao\"><div class=\"animatetype-1\"><div><a href=\"\/alfabeta\/projeto-educativo-geral\/\" title=\"Projeto Educativo Geral\" target=\"\" style=\"color:#ffffff;background-color:#a01010;\" class=\"btn cqbtn-1\"><span class=\"txt\">Projeto Educativo Geral<\/span><span class=\"round\"><i style=\"margin-top:-9px;margin-left:-9px;\" class=\"fa fa-arrow-right\"><\/i><\/span><\/a><\/div><\/div><\/div>[vc_empty_space alter_height=&#8221;small&#8221; hide_on_mobile=&#8221;&#8221;][\/vc_column][vc_column width=&#8221;1\/3&#8243;][vc_empty_space alter_height=&#8221;small&#8221; hide_on_mobile=&#8221;&#8221;]<div class=\"cq-buttoncontainer  centrar-botao\"><div class=\"animatetype-1\"><div><a href=\"\/alfabeta\/wp-content\/uploads\/2023\/08\/Projeto-Educativo-Anual-2023-2024.pdf\" title=\"Projeto Educativo Anual\" target=\"_blank\" style=\"color:#ffffff;background-color:#a01010;\" class=\"btn cqbtn-1\"><span class=\"txt\">Projeto Educativo Anual<\/span><span class=\"round\"><i style=\"margin-top:-9px;margin-left:-9px;\" class=\"fa fa-arrow-right\"><\/i><\/span><\/a><\/div><\/div><\/div>[vc_empty_space alter_height=&#8221;small&#8221; hide_on_mobile=&#8221;&#8221;][\/vc_column][vc_column width=&#8221;1\/3&#8243;][vc_empty_space alter_height=&#8221;small&#8221; hide_on_mobile=&#8221;&#8221;]<div class=\"cq-buttoncontainer  centrar-botao\"><div class=\"animatetype-1\"><div><a href=\"\/alfabeta\/wp-content\/uploads\/2023\/08\/Colegio-Alfa-Beta-Calendario-geral-de-atividades-2023-24.pdf\" title=\"Calend\u00e1rio Geral de Atividades\" target=\"_blank\" style=\"color:#ffffff;background-color:#a01010;\" class=\"btn cqbtn-1\"><span class=\"txt\">Calend\u00e1rio Geral de Atividades<\/span><span class=\"round\"><i style=\"margin-top:-9px;margin-left:-9px;\" class=\"fa fa-arrow-right\"><\/i><\/span><\/a><\/div><\/div><\/div>[vc_empty_space alter_height=&#8221;small&#8221; hide_on_mobile=&#8221;&#8221;][\/vc_column][\/vc_row][vc_row full_width=&#8221;stretch_row&#8221;][vc_column icons_position=&#8221;left&#8221;][vc_empty_space alter_height=&#8221;small&#8221; hide_on_mobile=&#8221;&#8221;][\/vc_column][\/vc_row][vc_row full_width=&#8221;stretch_row&#8221; css=&#8221;.vc_custom_1690481372369{background-color: #b94f4f !important;}&#8221;][vc_column icons_position=&#8221;left&#8221;][vc_empty_space alter_height=&#8221;large&#8221; hide_on_mobile=&#8221;&#8221;][vc_column_text]<\/p>\n<h2 style=\"text-align: center;\"><span style=\"color: #ffffff;\">Descubra mais do Alfa-Beta!<\/span><\/h2>\n<p>[\/vc_column_text][vc_empty_space alter_height=&#8221;medium&#8221; hide_on_mobile=&#8221;&#8221; css=&#8221;.vc_custom_1690481663908{margin-bottom: 0.75rem !important;}&#8221;][\/vc_column][\/vc_row][vc_row full_width=&#8221;stretch_row&#8221; css=&#8221;.vc_custom_1690481376113{background-color: #b94f4f !important;}&#8221;][vc_column width=&#8221;1\/3&#8243;][vc_single_image image=&#8221;1355&#8243; img_size=&#8221;large&#8221; alignment=&#8221;center&#8221;][vc_empty_space alter_height=&#8221;small&#8221; hide_on_mobile=&#8221;&#8221;][vc_column_text]<\/p>\n<h4 style=\"text-align: center;\"><a href=\"\/alfabeta\/creche\/\"><span style=\"color: #ffffff;\"><em>Creche<\/em><\/span><\/a><\/h4>\n<p>[\/vc_column_text][vc_empty_space alter_height=&#8221;small&#8221; hide_on_mobile=&#8221;&#8221;][\/vc_column][vc_column width=&#8221;1\/3&#8243;][vc_single_image image=&#8221;1163&#8243; img_size=&#8221;large&#8221; alignment=&#8221;center&#8221;][vc_empty_space alter_height=&#8221;small&#8221; hide_on_mobile=&#8221;&#8221;][vc_column_text]<\/p>\n<h4 style=\"text-align: center;\"><a href=\"\/alfabeta\/jardim-de-infancia\/\"><span style=\"color: #ffffff;\"><em>Jardim de Inf\u00e2ncia<\/em><\/span><\/a><\/h4>\n<p>[\/vc_column_text][vc_empty_space alter_height=&#8221;small&#8221; hide_on_mobile=&#8221;&#8221;][\/vc_column][vc_column width=&#8221;1\/3&#8243;][vc_single_image image=&#8221;1166&#8243; img_size=&#8221;large&#8221; alignment=&#8221;center&#8221;][vc_empty_space alter_height=&#8221;small&#8221; hide_on_mobile=&#8221;&#8221;][vc_column_text]<\/p>\n<h4 style=\"text-align: center;\"><a href=\"\/alfabeta\/1o-ciclo\/\"><span style=\"color: #ffffff;\"><em>1\u00ba Ciclo<\/em><\/span><\/a><\/h4>\n<p>[\/vc_column_text][vc_empty_space alter_height=&#8221;small&#8221; hide_on_mobile=&#8221;&#8221;][\/vc_column][\/vc_row][vc_row full_width=&#8221;stretch_row&#8221; css=&#8221;.vc_custom_1690481380013{background-color: #b94f4f !important;}&#8221;][vc_column icons_position=&#8221;left&#8221;][vc_empty_space alter_height=&#8221;large&#8221; hide_on_mobile=&#8221;&#8221;][\/vc_column][\/vc_row]<\/p>\n","protected":false},"excerpt":{"rendered":"<p>[vc_row full_width=&#8221;stretch_row&#8221; css=&#8221;.vc_custom_1690982457688{background-color: #bdcbe3 !important;}&#8221;][vc_column icons_position=&#8221;left&#8221;][vc_empty_space alter_height=&#8221;large&#8221; hide_on_mobile=&#8221;&#8221;][vc_column_text] \u201cA prova do sucesso da nossa a\u00e7\u00e3o educativa \u00e9 a felicidade da crian\u00e7a\u201d (Maria Montessori) [\/vc_column_text][vc_empty_space alter_height=&#8221;large&#8221; hide_on_mobile=&#8221;&#8221;][\/vc_column][\/vc_row][vc_row full_width=&#8221;stretch_row&#8221;][vc_column icons_position=&#8221;left&#8221;][vc_empty_space alter_height=&#8221;large&#8221; hide_on_mobile=&#8221;&#8221;][vc_column_text] Jardim de inf\u00e2ncia A educa\u00e7\u00e3o pr\u00e9-escolar \u00e9 uma etapa crucial na constru\u00e7\u00e3o e desenvolvimento da crian\u00e7a. \u00c9 muito importante desmistificar a ideia de que o Jardim de Inf\u00e2ncia serve apenas para brincar. No Jardim de Inf\u00e2ncia, as crian\u00e7as aprendem a brincar. A brincadeira acrescenta valor e \u00e9 crucial para o desenvolvimento infantil. Existem&hellip;<\/p>\n","protected":false},"author":1,"featured_media":1615,"parent":0,"menu_order":0,"comment_status":"closed","ping_status":"closed","template":"","meta":{"footnotes":""},"class_list":["post-1574","page","type-page","status-publish","has-post-thumbnail","hentry"],"_links":{"self":[{"href":"https:\/\/appy.place\/alfabeta\/wp-json\/wp\/v2\/pages\/1574","targetHints":{"allow":["GET"]}}],"collection":[{"href":"https:\/\/appy.place\/alfabeta\/wp-json\/wp\/v2\/pages"}],"about":[{"href":"https:\/\/appy.place\/alfabeta\/wp-json\/wp\/v2\/types\/page"}],"author":[{"embeddable":true,"href":"https:\/\/appy.place\/alfabeta\/wp-json\/wp\/v2\/users\/1"}],"replies":[{"embeddable":true,"href":"https:\/\/appy.place\/alfabeta\/wp-json\/wp\/v2\/comments?post=1574"}],"version-history":[{"count":17,"href":"https:\/\/appy.place\/alfabeta\/wp-json\/wp\/v2\/pages\/1574\/revisions"}],"predecessor-version":[{"id":1796,"href":"https:\/\/appy.place\/alfabeta\/wp-json\/wp\/v2\/pages\/1574\/revisions\/1796"}],"wp:featuredmedia":[{"embeddable":true,"href":"https:\/\/appy.place\/alfabeta\/wp-json\/wp\/v2\/media\/1615"}],"wp:attachment":[{"href":"https:\/\/appy.place\/alfabeta\/wp-json\/wp\/v2\/media?parent=1574"}],"curies":[{"name":"wp","href":"https:\/\/api.w.org\/{rel}","templated":true}]}}