{"id":1656,"date":"2023-08-03T14:39:54","date_gmt":"2023-08-03T14:39:54","guid":{"rendered":"https:\/\/appy.place\/alfabeta\/?page_id=1656"},"modified":"2023-08-10T17:49:24","modified_gmt":"2023-08-10T17:49:24","slug":"projeto-educativo-geral","status":"publish","type":"page","link":"https:\/\/appy.place\/alfabeta\/projeto-educativo-geral\/","title":{"rendered":"Projeto Educativo Geral"},"content":{"rendered":"<p>[vc_row][vc_column icons_position=&#8221;left&#8221;][vc_empty_space alter_height=&#8221;medium&#8221; hide_on_mobile=&#8221;&#8221;][vc_column_text]<\/p>\n<h2 style=\"text-align: left;\"><em><span style=\"color: #1443a1;\"><strong>Projecto Educativo Geral<\/strong><\/span><\/em><\/h2>\n<p>O <strong>Projeto Educativo do Col\u00e9gio Alfa-Beta<\/strong> enquanto instrumento organizador e orientador da pr\u00e1tica educativa, pretende contribuir para o desenvolvimento integral e harmonioso dos aspetos f\u00edsico, intelectual, moral, afetivo e social dos nossos alunos.<\/p>\n<p>O Col\u00e9gio Alfa-Beta com mais de 50 anos de exist\u00eancia \u00e9 um estabelecimento de ensino privado. Procuramos encontrar sempre a melhor estrat\u00e9gia para trabalharmos com os nossos alunos, valorizamos cada crian\u00e7a como Ser \u00danico.[\/vc_column_text][vc_empty_space alter_height=&#8221;small&#8221; hide_on_mobile=&#8221;&#8221;][\/vc_column][\/vc_row][vc_row][vc_column width=&#8221;3\/5&#8243;][vc_column_text]Os objetivos a atingir com o Projeto Educativo do Col\u00e9gio Alfa-Beta, t\u00eam por base, os seguintes princ\u00edpios:<\/p>\n<h4><strong>Princ\u00edpio da inclus\u00e3o<\/strong><\/h4>\n<p>Criar oportunidades diferenciadas e percursos diversificados que conduzam ao sucesso educativo dos nossos alunos, independentemente das suas capacidades e dificuldades de aprendizagem.<\/p>\n<h4><strong>Princ\u00edpio da integra\u00e7\u00e3o<\/strong><\/h4>\n<p>Promover a igualdade de direitos e de oportunidades, no respeito pela diferen\u00e7a, independentemente da origem social, cultural, religi\u00e3o e demais perten\u00e7as e op\u00e7\u00f5es.[\/vc_column_text][vc_empty_space alter_height=&#8221;small&#8221; hide_on_mobile=&#8221;&#8221;][\/vc_column][vc_column width=&#8221;2\/5&#8243;][vc_single_image image=&#8221;1514&#8243; img_size=&#8221;full&#8221; alignment=&#8221;center&#8221;][vc_empty_space alter_height=&#8221;small&#8221; hide_on_mobile=&#8221;&#8221;][\/vc_column][\/vc_row][vc_row][vc_column width=&#8221;2\/5&#8243;][vc_empty_space alter_height=&#8221;small&#8221; hide_on_mobile=&#8221;&#8221;][vc_single_image image=&#8221;1512&#8243; img_size=&#8221;full&#8221; alignment=&#8221;center&#8221;][\/vc_column][vc_column width=&#8221;3\/5&#8243;][vc_empty_space alter_height=&#8221;small&#8221; hide_on_mobile=&#8221;&#8221;][vc_column_text]<\/p>\n<h4><strong>Princ\u00edpio do saber <\/strong><\/h4>\n<p>Promover o desenvolvimento da curiosidade nas aprendizagens, o gosto pelo trabalho, pelo estudo, pela pesquisa.<\/p>\n<h4><strong>Princ\u00edpio da promo\u00e7\u00e3o do desporto e sa\u00fade<\/strong><\/h4>\n<p>Promover atividades relacionadas com a atividade f\u00edsica e alertar para a import\u00e2ncia de uma alimenta\u00e7\u00e3o.<\/p>\n<h4><strong>Princ\u00edpio da cidadania e participa\u00e7\u00e3o democr\u00e1tica<\/strong><\/h4>\n<p>Desenvolver o sentido da responsabilidade e o respeito pelo rigor, encarando cada indiv\u00edduo da comunidade educativa como um elemento ativo e capaz de intervir de forma respons\u00e1vel, solid\u00e1ria e cr\u00edtica.[\/vc_column_text][vc_empty_space alter_height=&#8221;small&#8221; hide_on_mobile=&#8221;&#8221;][\/vc_column][\/vc_row][vc_row][vc_column icons_position=&#8221;left&#8221;][vc_empty_space alter_height=&#8221;small&#8221; hide_on_mobile=&#8221;&#8221;][vc_column_text]O Projeto Educativo envolve toda a comunidade educativa, com a participa\u00e7\u00e3o ativa de todos os intervenientes.<\/p>\n<p>\u00c9 fundamental o cumprimento do Regulamento Interno, Plano Anual das Atividades; da adequa\u00e7\u00e3o do Projeto Curricular a cada Sala \/ Ano.<\/p>\n<p>Educamos para proteger \u00e9 o nosso Lema, dia a dia procuramos ajudar as nossas Crian\u00e7as a Crescerem Felizes, formando seres humanos capazes de interagir na sociedade de uma forma harmoniosa do ponto de vista intelectual, emocional, social, f\u00edsico e moral.[\/vc_column_text][vc_empty_space alter_height=&#8221;small&#8221; hide_on_mobile=&#8221;&#8221;][\/vc_column][\/vc_row][vc_row][vc_column width=&#8221;1\/2&#8243; icons_position=&#8221;left&#8221;][vc_empty_space alter_height=&#8221;small&#8221; hide_on_mobile=&#8221;&#8221;]<div class=\"cq-buttoncontainer  centrar-botao\"><div class=\"animatetype-1\"><div><a href=\"\/alfabeta\/wp-content\/uploads\/2023\/08\/Projeto-Educativo-Anual-2023-2024.pdf\" title=\"Projeto Educativo Anual\" target=\"_blank\" style=\"color:#ffffff;background-color:#a01010;\" class=\"btn cqbtn-3\"><span class=\"txt\">Projeto Educativo Anual<\/span><span class=\"round\"><i style=\"margin-top:-9px;margin-left:-9px;\" class=\"fa fa-arrow-right\"><\/i><\/span><\/a><\/div><\/div><\/div>[vc_empty_space alter_height=&#8221;large&#8221; hide_on_mobile=&#8221;&#8221;][\/vc_column][vc_column width=&#8221;1\/2&#8243;][vc_empty_space alter_height=&#8221;small&#8221; hide_on_mobile=&#8221;&#8221;]<div class=\"cq-buttoncontainer  centrar-botao\"><div class=\"animatetype-1\"><div><a href=\"\/alfabeta\/contactos\/\" title=\"Contactos\" target=\"\" style=\"color:#ffffff;background-color:#a01010;\" class=\"btn cqbtn-3\"><span class=\"txt\">Pedir Informa\u00e7\u00f5es<\/span><span class=\"round\"><i style=\"margin-top:-9px;margin-left:-9px;\" class=\"fa fa-arrow-right\"><\/i><\/span><\/a><\/div><\/div><\/div>[vc_empty_space alter_height=&#8221;large&#8221; hide_on_mobile=&#8221;&#8221;][\/vc_column][\/vc_row][vc_row full_width=&#8221;stretch_row&#8221; css=&#8221;.vc_custom_1690481372369{background-color: #b94f4f !important;}&#8221;][vc_column icons_position=&#8221;left&#8221;][vc_empty_space alter_height=&#8221;large&#8221; hide_on_mobile=&#8221;&#8221;][vc_column_text]<\/p>\n<h2 style=\"text-align: center;\"><span style=\"color: #ffffff;\">Descubra mais do Alfa-Beta!<\/span><\/h2>\n<p>[\/vc_column_text][vc_empty_space alter_height=&#8221;medium&#8221; hide_on_mobile=&#8221;&#8221; css=&#8221;.vc_custom_1690481663908{margin-bottom: 0.75rem !important;}&#8221;][\/vc_column][\/vc_row][vc_row full_width=&#8221;stretch_row&#8221; css=&#8221;.vc_custom_1690481376113{background-color: #b94f4f !important;}&#8221;][vc_column width=&#8221;1\/3&#8243;][vc_single_image image=&#8221;1355&#8243; img_size=&#8221;large&#8221; alignment=&#8221;center&#8221;][vc_empty_space alter_height=&#8221;small&#8221; hide_on_mobile=&#8221;&#8221;][vc_column_text]<\/p>\n<h4 style=\"text-align: center;\"><a href=\"\/alfabeta\/creche\/\"><span style=\"color: #ffffff;\"><em>Creche<\/em><\/span><\/a><\/h4>\n<p>[\/vc_column_text][vc_empty_space alter_height=&#8221;small&#8221; hide_on_mobile=&#8221;&#8221;][\/vc_column][vc_column width=&#8221;1\/3&#8243;][vc_single_image image=&#8221;1163&#8243; img_size=&#8221;large&#8221; alignment=&#8221;center&#8221;][vc_empty_space alter_height=&#8221;small&#8221; hide_on_mobile=&#8221;&#8221;][vc_column_text]<\/p>\n<h4 style=\"text-align: center;\"><a href=\"\/alfabeta\/jardim-de-infancia\/\"><span style=\"color: #ffffff;\"><em>Jardim de Inf\u00e2ncia<\/em><\/span><\/a><\/h4>\n<p>[\/vc_column_text][vc_empty_space alter_height=&#8221;small&#8221; hide_on_mobile=&#8221;&#8221;][\/vc_column][vc_column width=&#8221;1\/3&#8243;][vc_single_image image=&#8221;1166&#8243; img_size=&#8221;large&#8221; alignment=&#8221;center&#8221;][vc_empty_space alter_height=&#8221;small&#8221; hide_on_mobile=&#8221;&#8221;][vc_column_text]<\/p>\n<h4 style=\"text-align: center;\"><a href=\"\/alfabeta\/1o-ciclo\/\"><span style=\"color: #ffffff;\"><em>1\u00ba Ciclo<\/em><\/span><\/a><\/h4>\n<p>[\/vc_column_text][vc_empty_space alter_height=&#8221;small&#8221; hide_on_mobile=&#8221;&#8221;][\/vc_column][\/vc_row][vc_row full_width=&#8221;stretch_row&#8221; css=&#8221;.vc_custom_1690481380013{background-color: #b94f4f !important;}&#8221;][vc_column icons_position=&#8221;left&#8221;][vc_empty_space alter_height=&#8221;large&#8221; hide_on_mobile=&#8221;&#8221;][\/vc_column][\/vc_row]<\/p>\n","protected":false},"excerpt":{"rendered":"<p>[vc_row][vc_column icons_position=&#8221;left&#8221;][vc_empty_space alter_height=&#8221;medium&#8221; hide_on_mobile=&#8221;&#8221;][vc_column_text] Projecto Educativo Geral O Projeto Educativo do Col\u00e9gio Alfa-Beta enquanto instrumento organizador e orientador da pr\u00e1tica educativa, pretende contribuir para o desenvolvimento integral e harmonioso dos aspetos f\u00edsico, intelectual, moral, afetivo e social dos nossos alunos. O Col\u00e9gio Alfa-Beta com mais de 50 anos de exist\u00eancia \u00e9 um estabelecimento de ensino privado. Procuramos encontrar sempre a melhor estrat\u00e9gia para trabalharmos com os nossos alunos, valorizamos cada crian\u00e7a como Ser \u00danico.[\/vc_column_text][vc_empty_space alter_height=&#8221;small&#8221; hide_on_mobile=&#8221;&#8221;][\/vc_column][\/vc_row][vc_row][vc_column width=&#8221;3\/5&#8243;][vc_column_text]Os objetivos a atingir com o Projeto&hellip;<\/p>\n","protected":false},"author":1,"featured_media":1512,"parent":0,"menu_order":0,"comment_status":"closed","ping_status":"closed","template":"","meta":{"footnotes":""},"class_list":["post-1656","page","type-page","status-publish","has-post-thumbnail","hentry"],"_links":{"self":[{"href":"https:\/\/appy.place\/alfabeta\/wp-json\/wp\/v2\/pages\/1656","targetHints":{"allow":["GET"]}}],"collection":[{"href":"https:\/\/appy.place\/alfabeta\/wp-json\/wp\/v2\/pages"}],"about":[{"href":"https:\/\/appy.place\/alfabeta\/wp-json\/wp\/v2\/types\/page"}],"author":[{"embeddable":true,"href":"https:\/\/appy.place\/alfabeta\/wp-json\/wp\/v2\/users\/1"}],"replies":[{"embeddable":true,"href":"https:\/\/appy.place\/alfabeta\/wp-json\/wp\/v2\/comments?post=1656"}],"version-history":[{"count":22,"href":"https:\/\/appy.place\/alfabeta\/wp-json\/wp\/v2\/pages\/1656\/revisions"}],"predecessor-version":[{"id":1799,"href":"https:\/\/appy.place\/alfabeta\/wp-json\/wp\/v2\/pages\/1656\/revisions\/1799"}],"wp:featuredmedia":[{"embeddable":true,"href":"https:\/\/appy.place\/alfabeta\/wp-json\/wp\/v2\/media\/1512"}],"wp:attachment":[{"href":"https:\/\/appy.place\/alfabeta\/wp-json\/wp\/v2\/media?parent=1656"}],"curies":[{"name":"wp","href":"https:\/\/api.w.org\/{rel}","templated":true}]}}